t x(n) = n**3 + 14*n**2 + 6*n + 2. Let f = -1662 - -1648. Calculate x(f).
-82
Let b = 218 - 955. Let i = 731 + b. Let w(v) = -v**2 - 5*v + 8. Determine w(i).
2
Suppose -48 = 4*s - 4*v, -s + 1 + 2 = 2*v. Let u(h) = 3*h - 1. Let k be u(1). Let i(y) = 3*y**2 - 10 + 0*y**2 - 2*y**2 - 2*y**k - 8*y. What is i(s)?
-3
Let s(r) be the second derivative of r**4/12 + 3*r**3/2 + 2*r**2 + 1416*r. Determine s(-11).
26
Let a(w) = w**3 - 9*w**2 - 11. Let g = 549 + -108. Let y = g + -432. What is a(y)?
-11
Let d(b) = -30*b - 345. Let r(i) = -3*i**2 - 15*i + 301. Let h be r(-13). Determine d(h).
-15
Let g = 7 - 11. Let t(p) = -4*p - 16. Let q be t(g). Let y(c) = -10*c - 7 + 12 - 6 + q. What is y(-1)?
9
Let u(b) be the second derivative of b**7/840 - 7*b**6/360 + b**5/20 + b**4/8 - 41*b**3/6 - b**2 - 152*b. Let c(v) be the second derivative of u(v). Give c(7).
45
Let t(j) = 28*j + 392. Suppose 0 = -w + 6*w + 3*m + 91, -2*w - 3*m - 49 = 0. Determine t(w).
0
Suppose -21*d + 15 = -16*d. Let w(m) = 9*m**2 + 1 + m + 1 + m**2 - m**d - 7*m**2. Suppose 2*o + i - 4*i - 3 = 0, -4*i + 4 = 0. Give w(o).
5
Let v(c) = 1 - 68*c + 110*c - 33*c + 42*c. Determine v(-1).
-50
Let n(y) = 2*y + 3. Let l(o) = -15*o - 23. Let r(t) = -3*l(t) - 21*n(t). Let f(d) = d**3 + 4*d**2 + 5*d + 2. Let w be f(-3). Give r(w).
-6
Let w(b) = 6*b**2 - 2*b**2 + 9*b - 9 + 4*b**2 + b**3. Suppose -11*q - 233*v = -238*v + 97, 0 = -2*q + v - 18. What is w(q)?
-23
Let j(m) = -m**3 + 143*m - 16. Let z(q) = -10*q**2 + 6*q + 4. Let w be z(-1). Give j(w).
-4
Let s be -3 + 1 - (1 - 1)/(-3). Let t(c) = -9*c**3 - c**2 + 10*c + 5. Let d(h) = 5*h**3 - 6*h - 3. Let l(o) = -7*d(o) - 4*t(o). Give l(s).
5
Let a(u) = 17*u + 25. Let r(c) be the second derivative of -4*c**3/3 - 11*c**2/2 - c + 8. Let o(v) = -6*a(v) - 13*r(v). Calculate o(0).
-7
Let b(p) = p**3 - 5*p**2 + 2*p - 13. Let h = 4980 - 4974. Give b(h).
35
Let o = 1500 + -1496. Suppose -16 = -0*b - 3*b - 2*a, 3*b + 4*a - 26 = 0. Let z(w) = -3 + 2 - 5 + w**b + o*w. Give z(-6).
6
Suppose -4*v = -v - 5*x - 2030, 0 = -5*v - x + 3430. Let r(s) = 3*s - v + 674 - 2*s. Determine r(17).
6
Let c(j) = -3*j + 34. Let v be c(7). Let g(r) = -4 + 2*r + v + 3 + 7. Give g(-11).
-3
Let a(b) = -b**3 + 5*b**2 - 10*b + 5. Let j be (-36 - (23 + -67)) + 2*(-2 - 0). What is a(j)?
-19
Let o = -28 + 39. Let n be (4 - (3 - -4)) + 44. Suppose o = -5*u + n. Let m(k) = k**2 - 8*k + 5. Determine m(u).
-7
Let k(u) = -55231*u**3 + 27622*u**3 + 16*u**2 + 33*u + 27610*u**3 + 28. Give k(-13).
106
Let i(c) = 2*c**2 + 58*c - 71. Let k = 2012 + -2042. Give i(k).
-11
Suppose -2*d + 5*z + 19 = 0, -d - d + 10 = -2*z. Suppose 6 = d*j + 16. Let g(q) = q**2. Let c(o) = 3*o**2 - 6*o - 5. Let u(i) = c(i) - 4*g(i). Determine u(j).
0
Let h(s) = s + 7. Let d(t) = 3*t**3 - 15*t**2 + 17*t - 6. Let v be d(2). What is h(v)?
-1
Let r(k) = -k**3 + 14*k**2 + 3*k - 20. Suppose 3*i = 42 - 0. Calculate r(i).
22
Let n(s) = -2*s - 20. Let q be n(-11). Let a(m) be the first derivative of -m**4/4 - m**3/3 + 2*m**2 - 3*m - 947. Determine a(q).
-7
Suppose 212*x - 1369 - 563 = -110*x. Let j(l) = 8*l**2 - 9*l - 8. Let g(z) = -z**2 - 6*z**2 + 6 + 1 + 8*z. Let n(c) = x*j(c) + 7*g(c). Determine n(3).
-2
Let l(j) = -7*j + 58. Let u(f) = -1896*f + 9482. Let p be u(5). Give l(p).
44
Let p(o) = 71*o**2 - 5*o - 2. Let y be (2*(-10)/20)/(5 - 4). Give p(y).
74
Let i(q) = -2*q + 69. Let a be -19*32/(-2736) - (-222)/(-27). What is i(a)?
85
Let t = 1237 - 1244. Let m(x) = x**3 + 9*x**2 - 3*x - 4. Calculate m(t).
115
Let g(n) be the second derivative of -n**3/6 + 5*n**2/2 + 63*n - 11. Let k = 3 + -1. Suppose k*r = -0*r. What is g(r)?
5
Let j(c) = -48*c + 9. Let m(w) = -211*w + 38. Let t(k) = -26*j(k) + 6*m(k). Calculate t(-4).
66
Let t(j) = 2*j - 7. Let c(z) = -10*z - 1. Let q be c(-1). Suppose 0 = q*a - 7*a - 4. Suppose a*y = 8 + 4. What is t(y)?
5
Let j = 690 - 694. Let l(k) = 2*k**2 + 11*k + 42. Calculate l(j).
30
Let f(h) = h**3 - 7*h**2 + 3*h - 16. Let t be f(7). Suppose 3*n + 2*w - w = 9, -t*w + 17 = n. Let d(q) = 3 - 19*q + q**n + 27*q - 17*q. Give d(9).
3
Suppose 3*k + 2*h - 73 = 33, -100 = -3*k + h. Suppose -3*b + 1 = k. Let f(i) = -i - 10. Give f(b).
1
Let g(u) = -56*u**3 - 20*u**2 - 2*u + 16 - 13*u**2 - 65 + 55*u**3. Give g(-33).
17
Let t(c) = 0*c + 14*c - 39656 - 4*c + 39664. Give t(4).
48
Let l(h) be the first derivative of -3*h + 0*h**2 - 51 + 1/2*h**4 - 1/3*h**3. Calculate l(3).
42
Suppose -1684 = 7*d - 1719. Let j(o) = -14*o**2 - o**3 + 8 + 6 + 3*o + 14*o + d. Calculate j(-15).
-11
Suppose 55 - 11 = -4*c. Let q(p) = -p**3 - 10*p**2 + 10*p + 5. Determine q(c).
16
Let x(f) = -2*f**3 - 47*f**2 - 39*f - 30. Let j(h) = 14*h**3 + 330*h**2 + 276*h + 216. Let k(v) = 6*j(v) + 43*x(v). Give k(-20).
26
Let g(r) = -13*r - 1. Let a(t) = 5*t**2 - 15*t - 4*t**2 - 4 + 0*t**2 + 5. Let o be a(15). Give g(o).
-14
Let p(j) = -j**3 - 6*j**2 + 15*j - 3. Let l(v) = -v**2 - 7*v + 10. Let f be l(2). Let g be p(f). Let k(b) = -6*b + g*b - 5 + 0. Calculate k(-7).
2
Let u(l) = -2*l**3 - 123*l**2 + 2*l + 29. Let z(m) = -3*m**3 - 172*m**2 + 3*m + 43. Let f(i) = -7*u(i) + 5*z(i). Let h be 4/14 - (-6)/(-21). Calculate f(h).
12
Let p be 4/(-2) + (-150)/(-25). Suppose -p*n - 22 = r, 4*r + n = 3*n + 2. Let l(i) = -4*i**2 - 2*i - 123*i**3 + 120*i**3 + i**2 + 2. Calculate l(r).
18
Let d(b) = -33*b - 93. Let c = 30291 - 30294. Give d(c).
6
Let x(j) = 9*j**2 + 10. Let a(m) = 13*m**2 + 14. Suppose 3*d + q = 19, 3 = -d - 4*q + 2. Let w(v) = d*x(v) - 5*a(v). Calculate w(3).
-18
Let m(q) be the third derivative of -19*q**4/24 - 58*q**3/3 - 179*q**2 + 6*q. Give m(-6).
-2
Let h(b) = 0*b + b**2 + 2 - 3*b - 10. Let y be 1355/69105 + 610/102. Calculate h(y).
10
Suppose -94 = -33*x + 71. Let v(b) = 4*b**2 - 97*b + 1 + 89*b - x*b**2. Determine v(-9).
-8
Let x(v) be the second derivative of -39*v + 0 - 1/120*v**5 + 0*v**2 - 4/3*v**3 - 1/24*v**4. Let w(f) be the second derivative of x(f). Calculate w(9).
-10
Let m(a) = -8*a**3 + 4*a**2 + 3*a - 19. Let f(k) = -3*k**3 - k**2 - 9. Let p(n) = -2*f(n) + m(n). Give p(2).
13
Suppose 2*x + 22 = -2*t, 5*t + 0*x = 2*x - 20. Let k(a) = -2*a**2 - 3*a - 4. Let z(j) = -4*j**2 - 4*j - 7. Let q(o) = -7*k(o) + 3*z(o). What is q(t)?
25
Let q(n) = n. Let h be ((-248)/(-12))/((-4)/(-6)). Let y = 37 - h. Suppose -6 = 2*t - y. Calculate q(t).
0
Suppose 4*v + 31 = -t - v, 15 = -5*t + 3*v. Let p be ((-9)/6)/(-3 + (-15)/t). Let g(r) = 16*r + 1 + r**2 - 14*r + p*r**2 + r**3. Determine g(-3).
4
Let p(z) = -33 + 264*z + 18*z**2 + z**2 - 265*z + z**3 + 0*z**3. Calculate p(-19).
-14
Let t(g) = -32*g**3 - 3 + 18*g**3 + 0 - 2 + 12*g**3 - 10*g**2 + g. What is t(-5)?
-10
Let y(c) be the second derivative of c**6/240 - c**5/8 + 3*c**4/4 + 6*c. Let s(a) be the third derivative of y(a). Let u be s(4). Let j(i) = 5*i. Give j(u).
-15
Let j(v) be the third derivative of 0 + 1/2*v**3 + 1/60*v**5 + 24*v**2 - 2*v + 1/6*v**4. Determine j(-2).
-1
Let h(k) = -6*k**2 + 12*k + 4. Let i(n) be the first derivative of -7*n**3/3 + 15*n**2/2 + 4*n + 9. Let o(b) = -5*h(b) + 4*i(b). Calculate o(3).
14
Let w(d) be the first derivative of -d**2/2 - 11*d + 39. Suppose 3*l - 2*h = -h + 4, l = h. Suppose 4*f = -l*y - 14, 4*y - 2*y - 3*f = -21. Calculate w(y).
-2
Let f(v) = -106 + 12 + 3 + 6*v - 30*v + 18. Determine f(-3).
-1
Let h(q) be the second derivative of -q**5/10 - 5*q**4/12 + 41*q**3/6 - q**2/2 + 2792*q. Give h(-6).
5
Suppose 5*d = 3*u - 40, -3*d = -3*u - 10 + 40. Suppose 0 = -4*b - 4*q + 13 - 1, 0 = u*b + 3*q - 13. Let a(f) = 9 - f**3 - 14 - 4*f**2 + 10*f**b. What is a(6)?
-5
Let c(p) = -21*p - 859. Let h be c(-41). Let x(t) = -7*t**3 + 2*t**2 + 4*t - 4. Determine x(h).
-44
Let q(d) be the first derivative of d**3/3 - 7*d**2/2 - 10*d + 4. Let r be (-5)/2*(6/5 - 4). Give q(r).
-10
Let d(c) = -4*c + 15. Let j(i) = 4*i**3 - 70*i**2 - 38*i + 34. Let b be j(18). Give d(b).
23
Let z be ((-378)/360 - (-1)/4)*10. Let h(c) = c**3 + 8*c**2 + 3*c + 17. Calculate h(z).
-7
Let d(y) be the first derivative of 5/2*y**2 + 6*y + 116 + 1/3*y**3. Determine d(-4).
2
Let o(u) be the second derivative of u**4/4 - 37*u**3/6 + 9*u**2 - 4673*u. Calculate o(12).
6
Let n(q) = -q + q + q**3 + 5*q**2 + 1 + 0*q**2 - q. Let z be 231/(-70) - -3 - (-188)/(-40). Determine n(z).
6
Let q(k) = k - 10. Let z(y) =